y 136?
3
What is the remainder when 23081648 is divided by 16?
0
Calculate the remainder when 2887530 is divided by 3483.
123
Calculate the remainder when 232864 is divided by 116405.
54
Calculate the remainder when 91139385 is divided by 189.
183
Calculate the remainder when 99388 is divided by 6068.
2300
Calculate the remainder when 1877396 is divided by 24.
20
What is the remainder when 1401424 is divided by 127368?
376
What is the remainder when 115903 is divided by 6095?
98
Calculate the remainder when 57022795 is divided by 71.
68
What is the remainder when 504552 is divided by 21936?
24
Calculate the remainder when 74154231 is divided by 1312.
1303
Calculate the remainder when 378810 is divided by 311.
12
What is the remainder when 4013982 is divided by 1551?
1545
Calculate the remainder when 10336 is divided by 520.
456
What is the remainder when 93363 is divided by 92632?
731
Calculate the remainder when 18031575 is divided by 133.
100
What is the remainder when 242044811 is divided by 82?
81
Calculate the remainder when 293653322 is divided by 5015.
5012
What is the remainder when 267558 is divided by 1021?
56
Calculate the remainder when 661611 is divided by 661052.
559
What is the remainder when 151164 is divided by 2397?
153
Calculate the remainder when 869810 is divided by 216607.
3382
Calculate the remainder when 1062835 is divided by 2276.
2219
What is the remainder when 3249790 is divided by 96?
94
What is the remainder when 66622101 is divided by 24?
21
Calculate the remainder when 12684946 is divided by 333814.
14
What is the remainder when 73237 is divided by 292?
237
Calculate the remainder when 3965925 is divided by 439.
438
What is the remainder when 102403858 is divided by 7314560?
18
Calculate the remainder when 5464755 is divided by 317.
309
Calculate the remainder when 2315 is divided by 922.
471
What is the remainder when 3391682 is divided by 221?
216
What is the remainder when 12905437 is divided by 322?
321
Calculate the remainder when 3869481 is divided by 4849.
4828
Calculate the remainder when 3706674 is divided by 387.
375
What is the remainder when 124841 is divided by 1069?
837
Calculate the remainder when 198642 is divided by 35.
17
Calculate the remainder when 1594100 is divided by 3473.
3466
Calculate the remainder when 2067466 is divided by 22229.
169
Calculate the remainder when 115117 is divided by 57467.
183
Calculate the remainder when 261155 is divided by 873.
128
Calculate the remainder when 71681545 is divided by 6516502.
23
Calculate the remainder when 2544977 is divided by 1621.
7
Calculate the remainder when 356900 is divided by 356613.
287
What is the remainder when 750412 is divided by 3696?
124
What is the remainder when 9931855 is divided by 306?
13
Calculate the remainder when 137679 is divided by 22914.
195
Calculate the remainder when 1094893 is divided by 156403.
72
What is the remainder when 6212083 is divided by 130?
33
What is the remainder when 64167129 is divided by 246?
243
Calculate the remainder when 7734274 is divided by 69.
64
What is the remainder when 1642537 is divided by 1501?
443
What is the remainder when 1243526 is divided by 443?
25
What is the remainder when 2255412 is divided by 1526?
1510
Calculate the remainder when 198929 is divided by 4973.
9
What is the remainder when 1899791 is divided by 921?
689
What is the remainder when 1111657 is divided by 111159?
67
Calculate the remainder when 229613 is divided by 5113.
4641
What is the remainder when 150697023 is divided by 445?
443
What is the remainder when 11462025 is divided by 617?
16
What is the remainder when 2199275 is divided by 99?
89
Calculate the remainder when 597951 is divided by 199302.
45
Calculate the remainder when 10002767 is divided by 1667127.
5
What is the remainder when 32758 is divided by 2713?
202
What is the remainder when 30814815 is divided by 32?
31
Calculate the remainder when 14367 is divided by 198.
111
Calculate the remainder when 10456846 is divided by 804.
22
Calculate the remainder when 188273 is divided by 1594.
181
What is the remainder when 2259634 is divided by 103?
20
What is the remainder when 71682 is divided by 5432?
1066
Calculate the remainder when 3718614 is divided by 2547.
2541
What is the remainder when 512836 is divided by 126?
16
Calculate the remainder when 1465009613 is divided by 1762.
1761
Calculate the remainder when 5660983 is divided by 33495.
328
What is the remainder when 621928 is divided by 349?
10
Calculate the remainder when 169665 is divided by 2364.
1821
What is the remainder when 968607 is divided by 322786?
249
What is the remainder when 10156477 is divided by 149?
41
What is the remainder when 127194 is divided by 63548?
98
Calculate the remainder when 109776 is divided by 26972.
1888
What is the remainder when 52033466 is divided by 52033448?
18
Calculate the remainder when 216988 is divided by 43370.
138
Calculate the remainder when 116770 is divided by 38748.
526
Calculate the remainder when 291972 is divided by 8847.
21
Calculate the remainder when 62300 is divided by 14663.
3648
What is the remainder when 1912701 is divided by 126?
21
Calculate the remainder when 47066970 is divided by 443.
435
What is the remainder when 431624933 is divided by 221?
220
What is the remainder when 352432 is divided by 115264?
6640
Calculate the remainder when 1130135263 is divided by 1533.
1531
What is the remainder when 25158441 is divided by 417?
414
Calculate the remainder when 129799 is divided by 9976.
111
What is the remainder when 61997489 is divided by 241?
239
Calculate the remainder when 36754 is divided by 8776.
1650
Calculate the remainder when 113167 is divided by 3343.
2848
What is the remainder when 768113 is divided by 625?
613
Calculate the remainder when 1101978 is divided by 2454.
132
Calculate the remainder when 735106 is divided by 191.
138
What is the remainder when 43427013 is divided by 648?
645
What is the remainder when 147393 is divided by 24462?
621
Calculate the remainder when 14270639 is divided by 138.
59
Calculate the remainder when 8335 is divided by 2678.
301
Calculate the remainder when 217736 is divided by 371.
330
What is the remainder when 61341076 is divided by 5576461?
5
What is the remainder when 631179 is divided by 5304?
3
What is the remainder when 11141996 is divided by 418?
206
Calculate the remainder when 60593 is divided by 4188.
1961
What is the remainder when 40754 is divided by 44?
10
What is the remainder when 273613398 is divided by 20?
18
Calculate the remainder when 538030 is divided by 2989.
10
Calculate the remainder when 612338 is divided by 6261.
5021
Calculate the remainder when 57821756 is divided by 19273917.
5
What is the remainder when 929054992 is divided by 2962?
2958
Calculate the remainder when 22033716 is divided by 1476.
1464
Calculate the remainder when 1713378 is divided by 856689.
0
What is the remainder when 305703 is divided by 76387?
155
What is the remainder when 26518492 is divided by 23551?
66
What is the remainder when 1869589109 is divided by 249?
248
Calculate the remainder when 193374224 is divided by 83.
77
What is the remainder when 205912 is divided by 34315?
22
What is the remainder when 46197290 is divided by 3188?
3170
Calculate the remainder when 2635509 is divided by 74.
73
Calculate the remainder when 60584668 is divided by 32.
28
Calculate the remainder when 2692479 is divided by 4.
3
Calculate the remainder when 16885691 is divided by 503.
484
What is the remainder when 3011648 is divided by 51?
47
What is the remainder when 1221454 is divided by 8279?
4441
Calculate the remainder when 2131855 is divided by 174.
7
What is the remainder when 3368326 is divided by 17184?
262
What is the remainder when 8463 is divided by 1396?
87
Calculate the remainder when 60785353 is divided by 20261779.
16
What is the remainder when 300662 is divided by 1652?
1650
Calculate the remainder when 62483 is divided by 992.
979
Calculate the remainder when 337877 is divided by 1162.
897
What is the remainder when 24458015 is divided by 1000?
15
What is the remainder when 756462766 is divided by 190?
186
What is the remainder when 9264125 is divided by 174794?
43
What is the remainder whe